{"id":6,"date":"2019-02-21T00:46:25","date_gmt":"2019-02-20T23:46:25","guid":{"rendered":"http:\/\/benalcazardorantes.com\/?page_id=6"},"modified":"2019-03-09T03:09:39","modified_gmt":"2019-03-09T02:09:39","slug":"inicio","status":"publish","type":"page","link":"https:\/\/benalcazardorantes.com\/inicio\/","title":{"rendered":"Inicio"},"content":{"rendered":"<section class=\"kc-elm kc-css-553266 kc_row\"><div class=\"kc-row-container  kc-container\"><div class=\"kc-wrap-columns\"><div class=\"kc-elm kc-css-495438 kc_col-sm-12 kc_column kc_col-sm-12\"><div class=\"kc-col-container\"><div class=\"kc-elm kc-css-775852 kc_row kc_row_inner\"><div class=\"kc-elm kc-css-702849 kc_col-sm-12 kc_column_inner kc_col-sm-12\"><div class=\"kc_wrapper kc-col-inner-container\"><div class=\"kc-elm kc-css-308250 kc-raw-code\"><div id=\"metaslider-id-61\" style=\"max-width: 1200px;\" class=\"ml-slider-3-105-0 metaslider metaslider-flex metaslider-61 ml-slider has-dots-nav ms-theme-default\" role=\"region\" aria-label=\"Nueva presentaci\u00f3n de diapositivas\" data-height=\"600\" data-width=\"1200\">\n    <div id=\"metaslider_container_61\">\n        <div id=\"metaslider_61\">\n            <ul class='slides'>\n                <li style=\"display: block; width: 100%;\" class=\"slide-591 ms-image \" aria-roledescription=\"slide\" data-date=\"2019-03-08 01:53:11\" data-filename=\"CARRUSEL-1.jpg\" data-slide-type=\"image\"><img loading=\"lazy\" decoding=\"async\" src=\"https:\/\/benalcazardorantes.com\/wp-content\/uploads\/2019\/03\/CARRUSEL-1.jpg\" height=\"600\" width=\"1200\" alt=\"\" class=\"slider-61 slide-591 msDefaultImage\" title=\"CARRUSEL 1\" \/><\/li>\n                <li style=\"display: none; width: 100%;\" class=\"slide-593 ms-image \" aria-roledescription=\"slide\" data-date=\"2019-03-08 01:53:22\" data-filename=\"CARRUSEL-2.jpg\" data-slide-type=\"image\"><img loading=\"lazy\" decoding=\"async\" src=\"https:\/\/benalcazardorantes.com\/wp-content\/uploads\/2019\/03\/CARRUSEL-2.jpg\" height=\"600\" width=\"1200\" alt=\"\" class=\"slider-61 slide-593 msDefaultImage\" title=\"CARRUSEL 2\" \/><\/li>\n                <li style=\"display: none; width: 100%;\" class=\"slide-595 ms-image \" aria-roledescription=\"slide\" data-date=\"2019-03-08 01:53:31\" data-filename=\"CARRUSEL-3.jpg\" data-slide-type=\"image\"><img loading=\"lazy\" decoding=\"async\" src=\"https:\/\/benalcazardorantes.com\/wp-content\/uploads\/2019\/03\/CARRUSEL-3.jpg\" height=\"600\" width=\"1200\" alt=\"\" class=\"slider-61 slide-595 msDefaultImage\" title=\"CARRUSEL 3\" \/><\/li>\n                <li style=\"display: none; width: 100%;\" class=\"slide-597 ms-image \" aria-roledescription=\"slide\" data-date=\"2019-03-08 01:53:41\" data-filename=\"CARRUSEL-4.jpg\" data-slide-type=\"image\"><img loading=\"lazy\" decoding=\"async\" src=\"https:\/\/benalcazardorantes.com\/wp-content\/uploads\/2019\/03\/CARRUSEL-4.jpg\" height=\"600\" width=\"1200\" alt=\"\" class=\"slider-61 slide-597 msDefaultImage\" title=\"CARRUSEL 4\" \/><\/li>\n                <li style=\"display: none; width: 100%;\" class=\"slide-599 ms-image \" aria-roledescription=\"slide\" data-date=\"2019-03-08 01:53:51\" data-filename=\"CARRUSEL-5.jpg\" data-slide-type=\"image\"><img loading=\"lazy\" decoding=\"async\" src=\"https:\/\/benalcazardorantes.com\/wp-content\/uploads\/2019\/03\/CARRUSEL-5.jpg\" height=\"600\" width=\"1200\" alt=\"\" class=\"slider-61 slide-599 msDefaultImage\" title=\"CARRUSEL 5\" \/><\/li>\n            <\/ul>\n        <\/div>\n        \n    <\/div>\n<\/div><\/div><\/div><\/div><\/div><div class=\"kc-elm kc-css-145896 kc_row kc_row_inner\"><div class=\"kc-elm kc-css-560038 kc_col-sm-12 kc_column_inner kc_col-sm-12\"><div class=\"kc_wrapper kc-col-inner-container\"><div class=\"kc-elm kc-css-577291\" style=\"height: 105px; clear: both; width:100%;\"><\/div><\/div><\/div><\/div><div class=\"kc-elm kc-css-902887 kc_row kc_row_inner\"><div class=\"kc-elm kc-css-103669 kc_col-sm-3 kc_column_inner kc_col-sm-3\"><div class=\"kc_wrapper kc-col-inner-container\"><div class=\"kc-elm kc-css-690891 kc-animated kc-animate-eff-bounce kc-icon-wrapper\">\n\t\t<i class=\"fa-file-alt\"><\/i>\n\t<\/div>\n\n<div class=\"kc-elm kc-css-304220 kc-title-wrap \">\n\n\t<h1 class=\"kc_title\">Derecho Administrativo<\/h1>\n<\/div>\n\n<div class=\"kc-elm kc-css-932134 kc-animated kc-animate-eff-bounceIn\">\n\t<a class=\"kc_button\" href=\"https:\/\/benalcazardorantes.com\/inicio\/derecho-administrativo\/\" target=\"_blank\" title=\"\" onclick=\"\">\n\t\tM\u00e1s Informaci\u00f3n\t<\/a>\n<\/div>\n<div class=\"kc-elm kc-css-307778\" style=\"height: 20px; clear: both; width:100%;\"><\/div><div class=\"kc-elm kc-css-426221\" style=\"height: 20px; clear: both; width:100%;\"><\/div><\/div><\/div><div class=\"kc-elm kc-css-181357 kc_col-sm-3 kc_column_inner kc_col-sm-3\"><div class=\"kc_wrapper kc-col-inner-container\"><div class=\"kc-elm kc-css-815001 kc-animated kc-animate-eff-bounce kc-icon-wrapper\">\n\t\t<i class=\"fa-hourglass-end\"><\/i>\n\t<\/div>\n\n<div class=\"kc-elm kc-css-259307 kc-title-wrap \">\n\n\t<h1 class=\"kc_title\">Derecho Constitucional<\/h1>\n<\/div>\n\n<div class=\"kc-elm kc-css-56503 kc-animated kc-animate-eff-bounceIn\">\n\t<a class=\"kc_button\" href=\"https:\/\/benalcazardorantes.com\/inicio\/derecho-constitudional\/\" target=\"_blank\" title=\"\" onclick=\"\">\n\t\tM\u00e1s Informaci\u00f3n\t<\/a>\n<\/div>\n<div class=\"kc-elm kc-css-267967\" style=\"height: 20px; clear: both; width:100%;\"><\/div><div class=\"kc-elm kc-css-585943\" style=\"height: 20px; clear: both; width:100%;\"><\/div><\/div><\/div><div class=\"kc-elm kc-css-119551 kc_col-sm-3 kc_column_inner kc_col-sm-3\"><div class=\"kc_wrapper kc-col-inner-container\"><div class=\"kc-elm kc-css-312260 kc-animated kc-animate-eff-bounce kc-icon-wrapper\">\n\t\t<i class=\"fa-user\"><\/i>\n\t<\/div>\n\n<div class=\"kc-elm kc-css-993001 kc-title-wrap \">\n\n\t<h1 class=\"kc_title\">Derecho <br>\r\nTributario<\/h1>\n<\/div>\n\n<div class=\"kc-elm kc-css-755028 kc-animated kc-animate-eff-bounceIn\">\n\t<a class=\"kc_button\" href=\"https:\/\/benalcazardorantes.com\/inicio\/derecho-tributario\/\" target=\"_blank\" title=\"\" onclick=\"\">\n\t\tM\u00e1s Informaci\u00f3n\t<\/a>\n<\/div>\n<div class=\"kc-elm kc-css-359076\" style=\"height: 20px; clear: both; width:100%;\"><\/div><div class=\"kc-elm kc-css-22556\" style=\"height: 20px; clear: both; width:100%;\"><\/div><\/div><\/div><div class=\"kc-elm kc-css-248483 kc_col-sm-3 kc_column_inner kc_col-sm-3\"><div class=\"kc_wrapper kc-col-inner-container\"><div class=\"kc-elm kc-css-708482 kc-animated kc-animate-eff-bounce kc-icon-wrapper\">\n\t\t<i class=\"fa-balance-scale\"><\/i>\n\t<\/div>\n\n<div class=\"kc-elm kc-css-970344 kc-title-wrap \">\n\n\t<h1 class=\"kc_title\">Pr\u00e1ctica <br> General<\/h1>\n<\/div>\n\n<div class=\"kc-elm kc-css-570802 kc-animated kc-animate-eff-bounceIn\">\n\t<a class=\"kc_button\" href=\"https:\/\/benalcazardorantes.com\/inicio\/practica-legal\/\" target=\"_blank\" title=\"\" onclick=\"\">\n\t\tM\u00e1s Informaci\u00f3n\t<\/a>\n<\/div>\n<div class=\"kc-elm kc-css-702384\" style=\"height: 20px; clear: both; width:100%;\"><\/div><div class=\"kc-elm kc-css-465966\" style=\"height: 20px; clear: both; width:100%;\"><\/div><\/div><\/div><\/div><div class=\"kc-elm kc-css-351259 kc_row kc_row_inner\"><div class=\"kc-elm kc-css-547058 kc_col-sm-12 kc_column_inner kc_col-sm-12\"><div class=\"kc_wrapper kc-col-inner-container\"><div class=\"kc-elm kc-css-594700\" style=\"height: 105px; clear: both; width:100%;\"><\/div><\/div><\/div><\/div><div class=\"kc-elm kc-css-551768 kc_row kc_row_inner\"><div class=\"kc-elm kc-css-379070 kc_col-sm-6 kc_column_inner kc_col-sm-6\"><div class=\"kc_wrapper kc-col-inner-container\"><div class=\"kc-elm kc-css-561455 kc_shortcode kc_single_image\">\n\n        <img decoding=\"async\" src=\"https:\/\/benalcazardorantes.com\/wp-content\/uploads\/2019\/03\/abogado-1000-x-1000.png\" class=\"\" alt=\"\" \/>    <\/div>\n<\/div><\/div><div class=\"kc-elm kc-css-250182 kc_col-sm-6 kc_column_inner kc_col-sm-6\"><div class=\"kc_wrapper kc-col-inner-container\">\n<div class=\"kc-elm kc-css-653082 kc-title-wrap \">\n\n\t<h1 class=\"kc_title\">NOSOTROS<\/h1>\n<\/div>\n\n<div class=\"kc-elm kc-css-779626 kc-title-wrap \">\n\n\t<h4 class=\"kc_title\">Benalc\u00e1zar Dorantes es una firma de abogados con especialidad en materias jur\u00eddicas relacionadas con el Estado e instituciones p\u00fablicas. \r\n\r\nLas necesidades de nuestros clientes y nuestra vocaci\u00f3n de servicio han motivado a nuestra firma a formar alianzas estrat\u00e9gicas con importantes profesionales de otras especialidades, como Derecho civil, laboral, penal, mercantil y societario. Ello nos permite brindar un servicio jur\u00eddico integral con los mayores est\u00e1ndares de calidad. \r\n<\/h4>\n<\/div>\n\n<div class=\"kc-elm kc-css-548483 kc-title-wrap \">\n\n\t<h1 class=\"kc_title\">VALORES<\/h1>\n<\/div>\n\n<div class=\"kc-elm kc-css-639712 kc-title-wrap \">\n\n\t<h4 class=\"kc_title\">En Benalc\u00e1zar Dorantes desempe\u00f1amos la abogac\u00eda con una estricta disciplina basada en la pr\u00e1ctica de los m\u00e1s altos valores \u00e9ticos, el ineludible sometimiento al ordenamiento jur\u00eddico y el esfuerzo decidido en resolver los problemas de nuestros clientes de la manera m\u00e1s econ\u00f3mica.<\/h4>\n<\/div>\n\n<div class=\"kc-elm kc-css-866413 kc-title-wrap \">\n\n\t<h1 class=\"kc_title\">EXPERIENCIA<\/h1>\n<\/div>\n\n<div class=\"kc-elm kc-css-342148 kc-title-wrap \">\n\n\t<h4 class=\"kc_title\">Benalc\u00e1zar Dorantes Abogados cuenta con 20 a\u00f1os de experiencia en asesor\u00eda y patrocinio en conflictos con el Estado, en las disciplinas de Derecho Administrativo, Constitucional, Tributario y afines.\r\n\r\nLa experiencia profesional de Benalc\u00e1zar Dorantes Abogados se conjuga con ejercicio de la docencia y de la academia, que nos permite la debida profundizaci\u00f3n en el conocimiento jur\u00eddico y la actualizaci\u00f3n constante en las materias de nuestra especialidad.\r\n<\/h4>\n<\/div>\n<\/div><\/div><\/div><\/div><\/div><\/div><\/div><\/section>\n","protected":false},"excerpt":{"rendered":"","protected":false},"author":1,"featured_media":0,"parent":0,"menu_order":0,"comment_status":"closed","ping_status":"closed","template":"page-template\/full-width.php","meta":{"footnotes":""},"class_list":["post-6","page","type-page","status-publish","hentry"],"_links":{"self":[{"href":"https:\/\/benalcazardorantes.com\/inicio\/wp-json\/wp\/v2\/pages\/6","targetHints":{"allow":["GET"]}}],"collection":[{"href":"https:\/\/benalcazardorantes.com\/inicio\/wp-json\/wp\/v2\/pages"}],"about":[{"href":"https:\/\/benalcazardorantes.com\/inicio\/wp-json\/wp\/v2\/types\/page"}],"author":[{"embeddable":true,"href":"https:\/\/benalcazardorantes.com\/inicio\/wp-json\/wp\/v2\/users\/1"}],"replies":[{"embeddable":true,"href":"https:\/\/benalcazardorantes.com\/inicio\/wp-json\/wp\/v2\/comments?post=6"}],"version-history":[{"count":124,"href":"https:\/\/benalcazardorantes.com\/inicio\/wp-json\/wp\/v2\/pages\/6\/revisions"}],"predecessor-version":[{"id":632,"href":"https:\/\/benalcazardorantes.com\/inicio\/wp-json\/wp\/v2\/pages\/6\/revisions\/632"}],"wp:attachment":[{"href":"https:\/\/benalcazardorantes.com\/inicio\/wp-json\/wp\/v2\/media?parent=6"}],"curies":[{"name":"wp","href":"https:\/\/api.w.org\/{rel}","templated":true}]}}